r when 1775 is divided by 119?
109
Calculate the remainder when 16309 is divided by 1560.
709
Calculate the remainder when 37517 is divided by 9364.
61
What is the remainder when 11493 is divided by 676?
1
What is the remainder when 82039 is divided by 20?
19
What is the remainder when 4355 is divided by 621?
8
Calculate the remainder when 982 is divided by 779.
203
What is the remainder when 124667 is divided by 299?
283
What is the remainder when 15156 is divided by 34?
26
Calculate the remainder when 1700 is divided by 57.
47
What is the remainder when 19092148 is divided by 22?
20
Calculate the remainder when 10469 is divided by 5234.
1
What is the remainder when 6166 is divided by 110?
6
What is the remainder when 36213 is divided by 398?
393
Calculate the remainder when 10773 is divided by 65.
48
Calculate the remainder when 13821 is divided by 1151.
9
What is the remainder when 3408 is divided by 980?
468
Calculate the remainder when 2317 is divided by 94.
61
What is the remainder when 6363 is divided by 2116?
15
What is the remainder when 1811 is divided by 353?
46
Calculate the remainder when 46401 is divided by 603.
573
Calculate the remainder when 961 is divided by 244.
229
Calculate the remainder when 6128 is divided by 60.
8
Calculate the remainder when 33136 is divided by 3298.
156
What is the remainder when 4125 is divided by 1163?
636
Calculate the remainder when 5559 is divided by 1245.
579
Calculate the remainder when 1072072 is divided by 925.
922
What is the remainder when 442373 is divided by 124?
65
What is the remainder when 59863 is divided by 292?
3
Calculate the remainder when 28219 is divided by 69.
67
Calculate the remainder when 9686 is divided by 415.
141
What is the remainder when 1601 is divided by 191?
73
What is the remainder when 232653 is divided by 262?
259
What is the remainder when 6283 is divided by 3136?
11
What is the remainder when 3519 is divided by 32?
31
What is the remainder when 160939 is divided by 52?
51
Calculate the remainder when 11119 is divided by 45.
4
Calculate the remainder when 4746 is divided by 228.
186
Calculate the remainder when 3594 is divided by 1570.
454
Calculate the remainder when 66763 is divided by 1362.
25
Calculate the remainder when 17469 is divided by 6.
3
What is the remainder when 2353 is divided by 292?
17
What is the remainder when 1008 is divided by 56?
0
What is the remainder when 3215 is divided by 412?
331
Calculate the remainder when 13033 is divided by 155.
13
What is the remainder when 249432 is divided by 18?
6
Calculate the remainder when 75143 is divided by 12.
11
Calculate the remainder when 10256 is divided by 3323.
287
What is the remainder when 1751 is divided by 50?
1
What is the remainder when 578 is divided by 83?
80
What is the remainder when 3443 is divided by 1?
0
Calculate the remainder when 2892 is divided by 69.
63
What is the remainder when 5406 is divided by 99?
60
Calculate the remainder when 85049 is divided by 369.
179
Calculate the remainder when 877043 is divided by 8.
3
What is the remainder when 976 is divided by 187?
41
What is the remainder when 134720 is divided by 13472?
0
Calculate the remainder when 3121 is divided by 585.
196
Calculate the remainder when 1620 is divided by 1614.
6
What is the remainder when 19899 is divided by 19881?
18
What is the remainder when 36883 is divided by 37?
31
What is the remainder when 660317 is divided by 330153?
11
What is the remainder when 676 is divided by 298?
80
What is the remainder when 14760 is divided by 104?
96
What is the remainder when 5765 is divided by 668?
421
Calculate the remainder when 202983 is divided by 1253.
1250
Calculate the remainder when 91323 is divided by 1074.
33
What is the remainder when 384 is divided by 30?
24
What is the remainder when 355 is divided by 177?
1
What is the remainder when 213255 is divided by 221?
211
Calculate the remainder when 245156 is divided by 40.
36
What is the remainder when 2098 is divided by 237?
202
Calculate the remainder when 29511 is divided by 238.
237
What is the remainder when 526729 is divided by 350?
329
Calculate the remainder when 1010593 is divided by 40.
33
Calculate the remainder when 4545 is divided by 2835.
1710
What is the remainder when 115690 is divided by 14?
8
Calculate the remainder when 311703 is divided by 648.
15
What is the remainder when 868 is divided by 78?
10
What is the remainder when 3978 is divided by 85?
68
What is the remainder when 27540 is divided by 6859?
104
What is the remainder when 2002 is divided by 37?
4
Calculate the remainder when 833846 is divided by 17.
13
Calculate the remainder when 880579 is divided by 745.
734
What is the remainder when 8376 is divided by 110?
16
Calculate the remainder when 53086 is divided by 237.
235
What is the remainder when 38837 is divided by 38776?
61
Calculate the remainder when 1632 is divided by 96.
0
What is the remainder when 565476 is divided by 536?
532
Calculate the remainder when 16155 is divided by 4038.
3
Calculate the remainder when 8297 is divided by 66.
47
Calculate the remainder when 58702 is divided by 38.
30
What is the remainder when 638 is divided by 588?
50
What is the remainder when 635353 is divided by 110?
103
Calculate the remainder when 858725 is divided by 18.
17
Calculate the remainder when 1377 is divided by 638.
101
Calculate the remainder when 6570 is divided by 1825.
1095
Calculate the remainder when 13229 is divided by 509.
504
Calculate the remainder when 373114 is divided by 68.
66
What is the remainder when 1836674 is divided by 37?
31
Calculate the remainder when 100652 is divided by 18.
14
Calculate the remainder when 15980 is divided by 82.
72
Calculate the remainder when 3298 is divided by 150.
148
What is the remainder when 1113 is divided by 27?
6
What is the remainder when 1315 is divided by 243?
100
What is the remainder when 55174 is divided by 64?
6
What is the remainder when 13499 is divided by 4455?
134
What is the remainder when 77158 is divided by 78?
16
Calculate the remainder when 13012 is divided by 16.
4
What is the remainder when 1949 is divided by 19?
11
Calculate the remainder when 60953 is divided by 105.
53
Calculate the remainder when 1739558 is divided by 38.
32
What is the remainder when 116 is divided by 24?
20
What is the remainder when 48551 is divided by 45?
41
What is the remainder when 77963 is divided by 7?
4
Calculate the remainder when 792 is divided by 372.
48
What is the remainder when 733 is divided by 706?
27
What is the remainder when 257938 is divided by 85975?
13
Calculate the remainder when 9774 is divided by 1393.
23
Calculate the remainder when 96603 is divided by 373.
369
Calculate the remainder when 51991 is divided by 135.
16
Calculate the remainder when 29568 is divided by 52.
32
What is the remainder when 17827 is divided by 469?
5
What is the remainder when 5840 is divided by 503?
307
Calculate the remainder when 594 is divided by 160.
114
What is the remainder when 20564 is divided by 4110?
14
Calculate the remainder when 132192 is divided by 60.
12
Calculate the remainder when 4355 is divided by 238.
71
What is the remainder when 187900 is divided by 17?
16
What is the remainder when 10696 is divided by 9797?
899
Calculate the remainder when 111265 is divided by 1768.
1649
What is the remainder when 17591 is divided by 8793?
5
What is the remainder when 1279 is divided by 213?
1
Calculate the remainder when 12713 is divided by 424.
417
What is the remainder when 37397 is divided by 55?
52
What is the remainder when 1082 is divided by 900?
182
Calculate the remainder when 16106 is divided by 426.
344
What is the remainder when 1226 is divided by 227?
91
Calculate the remainder when 231096 is divided by 115542.
12
Calculate the remainder when 152057 is divided by 92.
73
Calculate the remainder when 91256 is divided by 221.
204
Calculate the remainder when 9135 is divided by 4507.
121
What is the remainder when 697 is divided by 685?
12
What is the remainder when 6577 is divided by 35?
32
What is the remainder when 12160 is divided by 1519?
8
Calculate the remainder when 34822 is divided by 247.
242
What is the remainder when 2055 is divided by 235?
175
Calculate the remai